0?
False
Is 491 a factor of 56148305?
True
Is 45 a factor of 98331740?
False
Is 1191042396 a multiple of 12?
True
Is 122401069 a multiple of 373?
True
Is 1401 a factor of 181094661?
True
Is 3131171 a multiple of 2?
False
Does 10 divide 798365944?
False
Is 33 a factor of 90301497?
True
Is 60 a factor of 1741720620?
True
Does 40 divide 447458920?
True
Is 26694416 a multiple of 74?
False
Is 14689945 a multiple of 1095?
False
Does 3257 divide 320811243?
True
Is 157374560 a multiple of 20?
True
Is 2146 a factor of 32438936?
True
Is 42423390 a multiple of 30?
True
Is 43465030 a multiple of 35?
True
Does 182 divide 3138408?
True
Is 1853 a factor of 57871043?
True
Is 1818164127 a multiple of 6987?
True
Is 603 a factor of 62051715?
True
Is 92107071 a multiple of 7101?
True
Is 20 a factor of 737445520?
True
Is 735279 a multiple of 255?
False
Does 244 divide 244465308?
True
Is 234 a factor of 19477440?
False
Is 1361998630 a multiple of 42?
False
Is 533 a factor of 399293211?
False
Is 2837 a factor of 223111154?
False
Is 17439018 a multiple of 8902?
True
Is 19 a factor of 302212366?
True
Does 15 divide 33763305?
True
Is 4 a factor of 326052008?
True
Is 331667446 a multiple of 137?
False
Is 8 a factor of 72461650?
False
Is 29 a factor of 12083285?
True
Is 5280030 even?
True
Is 1017044262 a multiple of 4266?
True
Does 14 divide 283183824?
True
Does 539 divide 90883989?
False
Is 103153569 a multiple of 51?
True
Does 36 divide 101774569?
False
Is 163386426 a multiple of 14?
True
Does 270 divide 22376250?
True
Is 551 a factor of 4553061?
False
Is 21005384 a multiple of 67?
False
Does 6 divide 149992150?
False
Is 377 a factor of 182385714?
False
Is 1585 a factor of 78753024?
False
Is 712128438 a multiple of 483?
True
Does 109 divide 180173185?
True
Is 45 a factor of 1784491?
False
Does 29 divide 553533983?
False
Does 74 divide 58924528?
False
Does 10539 divide 1965050508?
False
Is 63 a factor of 773030576?
False
Does 55 divide 1164460?
True
Is 747976587 a multiple of 2802?
False
Is 39038835 a multiple of 411?
True
Is 4 a factor of 8334130?
False
Does 1144 divide 16814512?
True
Is 1135777146 a multiple of 43?
True
Does 64 divide 209633600?
True
Is 240230358 a multiple of 6?
True
Is 2202 a factor of 216498802?
False
Is 439 a factor of 19310293?
True
Is 228 a factor of 235318288?
False
Is 386067023 a multiple of 95?
False
Is 69 a factor of 333943923?
True
Is 5 a factor of 3561945?
True
Is 17184385 a multiple of 102?
False
Does 30 divide 112731810?
True
Does 5 divide 271779000?
True
Does 11 divide 14318721?
False
Does 918 divide 238296111?
False
Is 89 a factor of 182059059?
False
Is 20323075 a multiple of 17?
True
Does 40 divide 1263463987?
False
Does 47 divide 83459075?
True
Does 10 divide 13031496?
False
Does 77 divide 3192612700?
False
Is 14944067 a multiple of 449?
True
Is 20934196 a multiple of 139?
False
Is 268615435 a multiple of 2120?
False
Is 187989125 a multiple of 2771?
False
Is 10006625 a multiple of 2?
False
Does 27 divide 2812829544?
True
Is 5348256 a multiple of 25?
False
Is 48707730 a multiple of 135?
True
Does 113 divide 131657325?
False
Is 2376270165 a multiple of 355?
False
Does 5504 divide 342167168?
True
Is 98533328 a multiple of 16?
True
Is 263493175 a multiple of 12?
False
Is 130 a factor of 1421022446?
False
Is 110609048 a multiple of 88?
True
Is 341 a factor of 389731825?
False
Is 46679882 a multiple of 879?
False
Is 337866003 a multiple of 23?
False
Is 55 a factor of 2456905?
True
Does 379 divide 177229028?
False
Is 19206449 a multiple of 13?
False
Is 12 a factor of 90002484?
True
Is 7536899 a multiple of 1285?
False
Is 143 a factor of 38341303?
True
Is 210394590 a multiple of 14?
True
Is 970448 a multiple of 16?
True
Does 25 divide 18325595?
False
Is 10174610 a multiple of 998?
True
Is 200759832 a multiple of 676?
True
Is 61844507 a multiple of 15?
False
Is 3941361906 a multiple of 554?
False
Does 13 divide 31272719?
False
Is 36 a factor of 4276666944?
True
Is 26127688 a multiple of 214?
True
Is 196 a factor of 1758847944?
True
Is 60633430 a multiple of 143?
True
Is 828028278 a multiple of 1386?
True
Is 42109682 a multiple of 1366?
True
Is 12 a factor of 54604174?
False
Is 63 a factor of 14487053?
False
Is 35344422 a multiple of 52?
False
Is 669 a factor of 22794360?
False
Is 557879748 a multiple of 228?
True
Is 1760 a factor of 182381760?
True
Does 65 divide 334763195?
True
Is 374 a factor of 685967238?
True
Does 2373 divide 709149693?
True
Is 6 a factor of 7023948?
True
Does 285 divide 294184410?
True
Is 86 a factor of 44556428?
True
Does 77 divide 4762370158?
False
Is 7 a factor of 2049446?
True
Is 2428369 a multiple of 2?
False
Is 1866 a factor of 479851230?
True
Is 75 a factor of 14230926?
False
Is 72922003 a multiple of 127?
True
Is 407342936 a multiple of 286?
True
Is 1662600 a multiple of 10?
True
Does 15 divide 3563614065?
True
Does 6877 divide 620839674?
False
Does 172 divide 10817393?
False
Is 33396060 a multiple of 765?
False
Does 554 divide 30308232?
True
Does 3088 divide 817781249?
False
Does 17 divide 3787685?
True
Is 1530 a factor of 54855090?
True
Is 65288494 a multiple of 52?
False
Does 17 divide 19962046?
True
Is 38018120 a multiple of 340?
True
Is 64000132 a multiple of 14?
True
Is 420 a factor of 10104022?
False
Does 14 divide 1613360?
True
Does 54 divide 17268876?
True
Is 1130 a factor of 13450964?
False
Does 6 divide 215929032?
True
Does 2804 divide 3588960172?
True
Is 24227217 even?
False
Is 49730859 a multiple of 109?
False
Is 171 a factor of 56766528?
True
Is 10566224 a multiple of 16?
True
Is 89936473 a multiple of 94?
False
Is 2850178788 a multiple of 12?
True
Is 6 a factor of 126249390?
True
Is 155 a factor of 391994796?
False
Does 2 divide 33878238?
True
Is 3238 a factor of 62229513?
False
Does 19 divide 7702619?
True
Does 3 divide 14877628?
False
Is 7 a factor of 878646587?
True
Is 241 a factor of 886123019?
True
Does 21 divide 106408218?
True
Does 665 divide 894340545?
True
Is 47 a factor of 66527666?
False
Is 425283724 a multiple of 58?
True
Is 96 a factor of 3778848?
True
Does 9 divide 149646471?
False
Is 39647464 a multiple of 8?
True
Is 2799128767 a multiple of 6619?
True
Is 131271101 a multiple of 385?
False
Is 205734901 a multiple of 245?
False
Does 145 divide 60692505?
True
Is 1875362853 a multiple of 13?
True
Is 951 a factor of 4141605?
True
Does 111 divide 57540522?
False
Is 388657420 a multiple of 58?
True
Is 27 a factor of 3454887?
False
Does 916 divide 45296200?
True
Does 11 divide 187896491?
False
Does 55 divide 6757762?
False
Is 2127380413 a multiple of 19?
False
Is 28664393 even?
False
Is 892 a factor of 351784284?
True
Does 364 divide 132710032?
True
Does 28 divide 49550368?
True
Does 835 divide 103236895?
True
Does 19 divide 4491923?
True
Is 42212658 a multiple of 24?
False
Does 842 divide 56193396?
True
Does 388 divide 1546225955?
False
Is 3131 a factor of 35757960?
False
Is 15990262 a multiple of 44?
False
Is 7136627 a multiple of 87?
False
Does 29 divide 211683188?
False
Is 1193066616 a multiple of 4177?
False
Is 17683095 a multiple of 15?
True
Is 138973791 a multiple of 1317?
True
Is 465 a factor of 20991425?
False
Does 117 divide 8639514?
True
Is 9 a factor of 191330473?
False
Does 1778 divide 208351374?
True
Is 35370940 a multiple of 43?
True
Is 47 a factor of 1401687212?
False
Is 5343 a factor of 536593398?
False
Is 4192 a factor of 918056384?
True
Does 24 divide 78049760?
False
Does 12 divide 17699813?
False
Is 81550336 a multiple of 992?
True
Is 20 a factor of 191172780?
True
Does 9 divide 188143077?
False
Is 165 a factor of 271976069?
False
Is 20150821 a multiple of 4?
False
Is 298035798 a multiple of 28?
False
Is 51 a factor of 503529752?
False
Does 11 divide 107697711?
True
Does 263 divide 159653283?
False
Is 87 a factor of 191217474?
True
Is 353 a factor of 121700633?
True
Is 21144728 a multiple of 253?
True
Is 776396348 a multiple of 947?
False
Is 153147465 a multiple of 45?
True
Is 154090207 a multiple of 43?
False
Is 34788324 a multiple of 446?
False
Does 41 divide 36283242?
False
Is 29 a factor of 2790757?
True
Is 7 a factor of 96734015?
True
Is 120525652 a multiple of 22?
False
Is 312665020 a multiple of 108?
False
Is 469028758 a multiple of 48?
False
Is 173 a factor 